 = f*n - 2*s. Let c(l) = l - 5. What is c(n)?
-1
Let g = -41 + 54. Let x(f) = -31*f + 16*f - 2 - f**2 + g*f. Calculate x(-2).
-2
Let d(a) = 11*a**2 + 5*a - 23. Let o(r) = -11*r**2 - 6*r + 27. Let v(t) = 7*d(t) + 6*o(t). Let s(f) = f**3 - 6*f**2 + 6*f - 4. Let c be s(5). Determine v(c).
11
Let z(a) = a**2 - 2*a + 1. Let d(g) = -2*g**2 - 3*g + 2. Let y(j) = d(j) - 2*z(j). What is y(1)?
-3
Let s be (-20)/70 + (-1)/(21/(-48)). Suppose -2*f + 10 = 2*u, -s*f - 3*u + 8 = -0*f. Let y(k) = k**2 - 6*k - 5. What is y(f)?
2
Let u be -16 + (-10 - -23) - -2. Let m(y) = -24*y**3 - 3*y**2 + 5*y + 1. Let j(r) = 25*r**3 + 4*r**2 - 6*r - 1. Let i(s) = 3*j(s) + 4*m(s). What is i(u)?
20
Let v(h) = -h**2 + 6*h - 1. Let l = 7 + 18. Let m = -2 + 6. Suppose 4*f - j - 5 = -4*j, -f = -m*j - l. Calculate v(f).
4
Suppose -j - 4*p = 4, 1 + 2 = 4*j - 3*p. Let w(b) = 2*b + 96*b**2 - 100*b**2 + 3*b**3 + j*b**3. What is w(2)?
12
Let b = 276 + -283. Let f(h) = h**2 + 7*h + 6. Determine f(b).
6
Let a(p) = -p**3 - 5*p**2 + p + 2. Let x be a(-5). Let s(t) = 2*t**2 + 4*t. Determine s(x).
6
Let z(y) = 2*y**2 + 3*y + 1 - 15 + 18. Give z(3).
31
Suppose 4*o + o = i - 28, -3*i + 52 = o. Let h = i + -16. Let b be 30/3 - (h + 0). Let t(u) = -u**3 + 8*u**2 + 2*u - 12. Calculate t(b).
4
Let w(z) = z**3 + 8*z**2 + 12*z - 2. Let v be w(-6). Let x(n) = -1 + 186*n - 3*n**2 - 185*n + 2*n**2. Determine x(v).
-7
Let f = -19 + 14. Let o(y) = -y**3 - 7*y**2 - 7*y - 5. Calculate o(f).
-20
Let z(n) = n**3 + 5*n**2 - 6*n - 5. Suppose -2 = 4*y + 22. Calculate z(y).
-5
Let f be -3*(-2 + (-7)/(-3)). Let a(u) = 58*u - 1 - 5 - 57*u + 7. Let v(i) = 2*i + 12. Let c(n) = f*v(n) + 3*a(n). Give c(5).
-4
Suppose -i + 0*g + 80 = -2*g, -3*g = -12. Let o be (-869)/i + (-1)/8. Let k(b) = -b**2 - 11*b - 4. Calculate k(o).
6
Suppose -5*h - 4*z + 94 = 0, 2*z + 12 = 2*h - 22. Suppose 0 = 2*x - 5*c - h, 10*c - 11*c = -4*x + 18. Let o(u) = -u + 3. Give o(x).
-1
Let s(w) = -w. Suppose -5*t = -t - 180. Suppose t = 9*o - 4*o. Suppose 0 = 3*v + o, -v = -4*n - 4 + 3. Calculate s(n).
1
Let u be -1 + (-2)/(-2)*4. Let n(y) = -2*y**2 + 3*y + 2. Let c be n(u). Let h(b) = -b**2 - 6*b + 4. Give h(c).
-3
Let s be (7/(105/(-9)))/(1/5). Let m(v) = -v**3 + v**2 + v + 4. Determine m(s).
37
Let i(m) = m**3 + 5*m**2 - 7. Suppose -6*s = -2*s - v + 25, 20 = 4*v. Give i(s).
-7
Suppose -z = -0*z + 5. Let v(c) be the first derivative of -8*c - 1/2*c**2 + 22. What is v(z)?
-3
Suppose -2*w = -3*w. Let i(r) = r**3 - r**2 + 1. Suppose -5*n + 2 = -6*n. Let g(m) = m**3 - 3*m**2 + 1. Let j(a) = n*i(a) + g(a). Give j(w).
-1
Let i(f) = f**2 + 20*f + 14. Let a be i(-19). Let g(b) = 2*b**2 + 4*b + 1. Give g(a).
31
Let j(a) = a**2 - a - 3. Let d be -3*10/(-60)*-4. Determine j(d).
3
Let s(o) be the second derivative of o**3/6 + o**2 + o. Let m(k) = 21*k**3 + k + 1. Let i be m(-1). Let p be (2/2)/(3/i). Determine s(p).
-5
Let l(a) = -11*a**3 + 9*a**2 - 8*a + 2. Let n(c) = 13*c**3 - 10*c**2 + 9*c - 1. Let j(w) = 6*l(w) + 5*n(w). Give j(3).
7
Suppose 5*a = -13 + 18. Let v = a + -1. Let f(t) = t - 6. Calculate f(v).
-6
Let t(c) = 4289 - 2*c**3 - 5*c**2 - 4293 - 7*c + 3*c**3 - 2*c**2. Calculate t(8).
4
Let v(i) = -2*i**2 - 18*i - 24. Let r(n) = n**2 + 9*n + 12. Let q = -60 + 64. Let d(o) = q*v(o) + 7*r(o). Give d(-8).
-4
Let s(v) be the third derivative of -v**6/120 - v**5/20 - v**4/24 - v**3/6 + v**2. Let l(t) = t**2 - t**2 - 2 - 1 + 6*t - 3*t**2. Let g be l(2). Determine s(g).
2
Let t(z) be the third derivative of -z**4/6 - 4*z**3/3 - 525*z**2. Calculate t(-3).
4
Let m(r) = 76 + 73 - 159 + 4*r. What is m(6)?
14
Let j(l) = -l**3 - 4*l**2 - l + 1. Suppose 5*f - 40 = 4*i, -f = -2*f + 5*i - 13. Suppose 3*u = 3*g + 3 + 6, 4*g + f = -4*u. Calculate j(g).
-5
Let a(j) = 3*j**2 + 22*j + 10. Let z be a(-7). Let t(x) = -x**3 + 4*x**2 - x - 1. What is t(z)?
5
Let b(t) = t**3 - 2*t**2 - 4. Suppose 0 = 3*c - 30 + 21. Suppose -c*x + 9 = -0*x. Determine b(x).
5
Let z(t) = -t - 2. Suppose 2 = -c + 3*h - 4, 8 = 4*h. Let d(x) = -x**2 - 6*x - 4. Let b be d(-4). Suppose c = -b*l + l + 18. Give z(l).
-8
Let t(y) = -3*y - 4. Let m be 855/81 + -11 + 14/(-9). Calculate t(m).
2
Let l(p) be the third derivative of -p**6/120 + p**5/15 + p**4/8 + p**3 - 2*p**2. Suppose 241*q - 960 = 49*q. Determine l(q).
-4
Let o(g) = 853*g + 9*g**2 + g**3 - 416*g + 5 - 428*g. What is o(-8)?
-3
Let k(f) be the first derivative of -13 - 7*f - 1/2*f**2. Suppose 3*g - 3*a = -g - 8, 12 = -3*a. What is k(g)?
-2
Let z(q) be the third derivative of -q**6/120 + q**5/60 - q**4/24 - 17*q**3/6 - 153*q**2. Give z(0).
-17
Suppose -11*z = -56 + 45. Let j(q) = 19*q - 1. Give j(z).
18
Let j(d) = -18*d + 1. Let u be j(-1). Suppose x = -2*b + 5, -u = -x - 5*b - 8. Let l(s) = -s + 0*s - 4*s - 1 + 7*s**2 + 6*s. Give l(x).
7
Let r be (-2)/(-12) - 1067/66. Let q = r + 21. Let w(d) = d**2 - 4*d + 7. Give w(q).
12
Let x(p) = 2*p + 3. Let h = 706 + -708. Give x(h).
-1
Let i(g) = -3*g**2 - 15 - 11 - 13 + g + 2*g**2 - 22*g**3 + 40. Give i(-1).
21
Let w(k) = -k**2 - 10*k + 4. Let c be w(0). Let b(j) = -j**2 + 3*j - 2. Let z(f) = -1. Let m(y) = -b(y) + 3*z(y). Calculate m(c).
3
Let k(f) = 12*f - 12. Let d be k(16). Let j be (9/(-4))/(6 - d/32). Let g(h) = 1 + 4 - 2 + h. What is g(j)?
-3
Let l(k) = -k**2 - 13*k - 23. Let r = -164 + 154. Calculate l(r).
7
Let o(q) = 3*q + 1. Let m(w) = 20*w + 12. Let k(n) = -m(n) + 6*o(n). Give k(6).
-18
Let h = -788 - -786. Let q(s) = -3*s - 1. What is q(h)?
5
Let y(t) = -1870*t - 1 + 936*t + 932*t + 40*t**3 - 5*t**3. What is y(-1)?
-34
Let v(d) = d**2 + 4*d - 3. Let x be v(-7). Suppose 2*f = 2*g - x, -g - g - 2*f = 2. Let l(m) = -m**2 + 5*m. Determine l(g).
4
Let d be -89 + 99 - (1 - -6). Let b(c) be the second derivative of 8*c - 1/12*c**4 + 5/6*c**d - 5/2*c**2 + 0. Calculate b(4).
-1
Let r(j) = 2*j**2 - 11*j - 13. Let u(h) = -3*h**2 + 11*h + 14. Let g(a) = 4*r(a) + 3*u(a). What is g(-10)?
0
Let s(p) = -p**2 - p + 5. Let w(x) = 2*x**2 + x - 11. Let d(h) = -5*s(h) - 2*w(h). Let m = 16 + -13. Suppose 0 = 3*i - m*u - 16 + 43, 4*u = -5*i. Give d(i).
1
Let x(a) = 34 - 25 + 908*a - 903*a. What is x(-4)?
-11
Let i(y) be the first derivative of -7*y**2/2 - 7*y + 25. Determine i(-3).
14
Let b(m) = -m**3 + 7*m**2 + 3*m - 15. Let a = 365 - 358. Give b(a).
6
Suppose -12 = -j + 2*w - 7, -2*j = 2*w + 20. Let l(y) = y**3 + 4*y**2 - 6*y - 7. Give l(j).
-2
Let n(b) be the first derivative of -b - 23. Let x(d) = d - 7. Let s(m) = -6*n(m) + x(m). What is s(2)?
1
Let d(t) = -t + 2. Let o(i) = 6*i - 20. Let f(z) = -5*d(z) - o(z). Determine f(9).
1
Suppose 4 = l, 6*w + 7*l = 9*l + 40. Let o(a) = -4*a**2 + 10*a + 2. Let m(j) = -j**2 + j - 1. Let f(h) = 3*m(h) - o(h). What is f(w)?
3
Let g(o) = -5*o + 45. Let j(r) = 2*r**2 - 46*r + 233. Let c be j(7). What is g(c)?
0
Suppose -14 = 4*q - 26. Suppose 0 = -4*n - m, 2*n + 2*m + 18 = -q*m. Let l(a) = -3*a - 1. Determine l(n).
-4
Let n(w) = 8*w**3 - w**2 - 17*w**3 + 8*w**3 - 21. Calculate n(0).
-21
Let i(k) = k**2 + 16*k + 24. Let y be i(-11). Let a = y - -28. Let l(v) = -2 + 3 + 2*v + 0. What is l(a)?
-5
Let n(i) = -14*i + 3. Let o(l) = l - 54. Let b(a) = 55. Let p(s) = -4*b(s) - 3*o(s). Let w be p(-20). Calculate n(w).
-25
Let u(a) = -a - 3. Suppose 0 = 516*w - 520*w. Calculate u(w).
-3
Let l(a) = 3*a - 17. Let q be l(7). Let v be 1/(4/(-8 + q)). Let k(g) be the second derivative of -g**4/12 - g**2/2 - 18*g. Calculate k(v).
-2
Let s(n) = -n**2 + 9*n - 1. Let b(o) = 5*o**2 - 2*o - 7. Let l(i) = 4*i**2 - 2*i - 6. Let q(z) = 5*b(z) - 6*l(z). Let c be q(-3). What is s(c)?
19
Let j(x) = 0*x - 3004 + 5*x + 3*x + 3015. Determine j(3).
35
Let j(r) = -r**2 - 4*r + 25. Suppose -4*d - 36 = 3*m, -49*d - 38 = 4*m - 47*d. Calculate j(m).
-7
Let l(p) = p**2 + 6*p - 1. Let j be (110/33)/(6/(-9)). Calculate l(j).
-6
Let s(j) be the first derivative of 3*j**2/2 - 2*j - 12. Let n be s(-2). Let a(x) = -x**3 - 7*x**2 + 9*x + 9. Give a(n).
1
Let k(m) = 2*m**3 - 17*m**2 + 8*m + 6. Let s(f) = f**3 - 8*f**2 + 4*f + 3. Let z(a) = 2*k(a) - 5*s(a). Calculate z(5).
2
Let a(j) = 17*j**3 + j**2 + j - 1. Let i be 16/(-4) + (-1 - (-4)/1). Let l be 5 + 4/i + 0. Calculate a(l).
18
Let z(t) be the third derivative of -t**4/24 + t**3/2 + 26*t**2. Calculate z(6).
-3
Let i(a) = -2*a + 10. Let d be i(4). Suppose 